e
Is 10 a factor of 132640?
True
Is 162 a factor of 128304?
True
Is 30 a factor of 936720?
True
Is 238 a factor of 3258696?
True
Is 6 a factor of 12183?
False
Is 485 a factor of 908049?
False
Does 19 divide 2047517?
False
Does 6 divide 4676601?
False
Does 28 divide 12400388?
True
Is 286380 a multiple of 129?
True
Is 807976 a multiple of 13?
True
Is 9275668 a multiple of 759?
False
Does 136 divide 1860888?
True
Is 8 a factor of 102604?
False
Is 3269996 a multiple of 254?
True
Is 730622 a multiple of 130?
False
Is 16 a factor of 279840?
True
Does 326 divide 368380?
True
Does 27 divide 30657?
False
Is 76 a factor of 4422820?
True
Does 4 divide 4444?
True
Does 3 divide 83613?
True
Does 426 divide 646015?
False
Is 145117 a multiple of 44?
False
Is 228791 a multiple of 277?
False
Is 36 a factor of 3416220?
True
Is 124 a factor of 3669?
False
Is 419581 a multiple of 395?
False
Is 6 a factor of 1523137?
False
Is 867350 a multiple of 418?
True
Does 29 divide 27347?
True
Is 22302 a multiple of 4?
False
Is 1022816 a multiple of 13?
False
Is 44522 a multiple of 4?
False
Is 12487750 a multiple of 110?
True
Does 186 divide 11071809?
False
Is 76473 a multiple of 212?
False
Is 170100 a multiple of 1260?
True
Does 43 divide 105979?
False
Is 152079 a multiple of 2?
False
Is 56068 a multiple of 214?
True
Does 13 divide 4774354?
True
Is 58 a factor of 415512?
True
Is 489259 a multiple of 3?
False
Is 385202 a multiple of 15?
False
Does 7 divide 2120213?
False
Does 43 divide 209840?
True
Is 3119580 a multiple of 954?
True
Does 79 divide 26228?
True
Is 5 a factor of 5355116?
False
Does 15 divide 750?
True
Is 36192 a multiple of 39?
True
Is 26 a factor of 806?
True
Is 20 a factor of 371452?
False
Does 53 divide 227506?
False
Does 223 divide 150302?
True
Is 40765 a multiple of 263?
True
Is 578 a factor of 912084?
True
Is 1386 a factor of 553645?
False
Is 418 a factor of 4572920?
True
Is 137 a factor of 73980?
True
Is 684 a factor of 2044249?
False
Is 4911171 a multiple of 894?
False
Does 10 divide 257360?
True
Does 86 divide 7077800?
True
Is 431311 a multiple of 14?
False
Is 19 a factor of 445208?
True
Is 2063831 a multiple of 301?
False
Does 7 divide 705362?
True
Does 25 divide 8614381?
False
Is 12480 a multiple of 7?
False
Is 128126 a multiple of 8?
False
Is 1264954 a multiple of 23?
True
Is 3 a factor of 744450?
True
Is 207 a factor of 2937196?
False
Is 331 a factor of 29468268?
True
Does 9 divide 85806?
True
Is 777 a factor of 2461536?
True
Does 13 divide 9748?
False
Does 920 divide 7907358?
False
Does 152 divide 822703?
False
Does 902 divide 1316920?
True
Is 166004 a multiple of 22?
False
Is 58395 a multiple of 51?
True
Is 3 a factor of 869457?
True
Is 76 a factor of 1158392?
True
Is 1532 a factor of 3646232?
False
Is 20 a factor of 1302350?
False
Does 4 divide 75371?
False
Is 19175 a multiple of 4?
False
Is 13514 even?
True
Is 27 a factor of 76737?
False
Is 4486950 a multiple of 59?
True
Does 10 divide 544600?
True
Is 745 a factor of 878362?
False
Is 7537105 a multiple of 220?
False
Is 277 a factor of 140162?
True
Does 86 divide 228502?
True
Does 170 divide 125295?
False
Is 202 a factor of 34203448?
True
Does 12 divide 58906?
False
Does 6 divide 7942?
False
Is 582 a factor of 293199?
False
Is 9 a factor of 273435?
False
Is 69615 a multiple of 117?
True
Is 43 a factor of 11826092?
False
Is 1695824 a multiple of 13?
True
Does 20 divide 299400?
True
Is 1006 a factor of 33198?
True
Does 21 divide 2196075?
True
Does 32 divide 146656?
True
Is 133190 a multiple of 7?
False
Is 112494 a multiple of 7?
False
Is 473351 a multiple of 30?
False
Is 127 a factor of 2222500?
True
Is 350486 a multiple of 2?
True
Is 24 a factor of 118698?
False
Is 1929184 a multiple of 76?
True
Is 297185 a multiple of 9?
False
Is 27 a factor of 4690224?
True
Is 147147 a multiple of 6?
False
Does 140 divide 434156?
False
Is 2 a factor of 45223?
False
Is 67 a factor of 3049237?
True
Is 6480125 a multiple of 25?
True
Is 121835 a multiple of 12?
False
Is 42597 a multiple of 323?
False
Does 33 divide 3742398?
True
Is 9428100 a multiple of 150?
True
Does 61 divide 502335?
True
Does 275 divide 1104439?
False
Is 579 a factor of 3768132?
True
Does 305 divide 1628621?
False
Is 718113 a multiple of 83?
False
Does 10 divide 39484?
False
Is 319 a factor of 58524?
False
Does 13 divide 4552496?
True
Is 360149 a multiple of 139?
True
Does 100 divide 85592?
False
Is 1388079 a multiple of 9?
True
Does 51 divide 12852?
True
Does 73 divide 230680?
True
Is 7204160 a multiple of 80?
True
Does 130 divide 426140?
True
Is 417655 a multiple of 5?
True
Does 112 divide 123378?
False
Is 45 a factor of 1792035?
True
Is 122 a factor of 4389560?
True
Does 4 divide 618419?
False
Is 1050419 a multiple of 107?
True
Is 583 a factor of 1430008?
False
Does 11 divide 13266?
True
Is 180 a factor of 1191240?
True
Is 15 a factor of 1107825?
True
Is 13 a factor of 2925962?
True
Does 30 divide 11338170?
True
Is 69357 a multiple of 61?
True
Is 389635 a multiple of 2?
False
Is 6533484 a multiple of 809?
True
Does 176 divide 98912?
True
Is 443520 a multiple of 320?
True
Is 30383 a multiple of 27?
False
Does 265 divide 308725?
True
Does 28 divide 1452276?
True
Is 18673200 a multiple of 60?
True
Is 228 a factor of 3347546?
False
Is 127 a factor of 148336?
True
Is 26 a factor of 266214?
True
Is 243533 a multiple of 73?
False
Is 269 a factor of 47613?
True
Is 24 a factor of 2751792?
True
Is 264572 a multiple of 4?
True
Does 43 divide 1741586?
True
Does 5 divide 853729?
False
Is 64845 a multiple of 247?
False
Does 73 divide 1258884?
False
Does 461 divide 522539?
False
Does 3 divide 355189?
False
Is 9775 a multiple of 7?
False
Is 5 a factor of 214740?
True
Is 5 a factor of 2297?
False
Is 25 a factor of 9525075?
True
Is 18221 even?
False
Does 34 divide 4287094?
True
Does 43 divide 47902?
True
Is 6 a factor of 1478622?
True
Does 21 divide 515655?
True
Does 40 divide 8911947?
False
Does 38 divide 83318?
False
Is 321900 a multiple of 75?
True
Is 51960 a multiple of 8?
True
Is 163 a factor of 198444?
False
Is 67860 a multiple of 39?
True
Is 10 a factor of 842542?
False
Is 682302 a multiple of 1464?
False
Is 1105 a multiple of 65?
True
Is 119545 a multiple of 80?
False
Is 403580 a multiple of 85?
True
Is 97 a factor of 447258?
False
Is 239 a factor of 4759056?
False
Is 44728 a multiple of 29?
False
Does 12 divide 8738545?
False
Is 80 a factor of 122880?
True
Is 255731 a multiple of 85?
False
Does 261 divide 279270?
True
Does 10 divide 7050430?
True
Is 5 a factor of 1503530?
True
Does 239 divide 364250?
False
Is 51522 a multiple of 6?
True
Does 54 divide 141509?
False
Is 11155714 a multiple of 1402?
True
Is 55047 a multiple of 47?
False
Is 12 a factor of 17849?
False
Is 166 a factor of 3895190?
True
Is 13293 a multiple of 63?
True
Is 2309724 a multiple of 15?
False
Is 198 a factor of 1012176?
True
Is 4925 a multiple of 173?
False
Does 3 divide 100703?
False
Does 572 divide 2698696?
True
Is 497551 a multiple of 19?
False
Is 6 a factor of 50502?
True
Is 243390 a multiple of 122?
True
Is 822319 a multiple of 209?
False
Does 466 divide 7102131?
False
Is 272717 a multiple of 31?
False
Is 145 a factor of 2286650?
True
Does 212 divide 93704?
True
Is 4390475 a multiple of 25?
True
Does 799 divide 16206989?
False
Is 1250190 a multiple of 435?
True
Is 8 a factor of 1815750?
False
Is 14 a factor of 623378?
True
Does 24 divide 83958?
False
Is 41 a factor of 409180?
True
Is 7531093 a multiple of 38?
False
Does 7 divide 416010?
True
Is 188767 a multiple of 11?
False
Is 27 a factor of 312498?
True
Is 21 a factor of 1291290?
True
Does 8 divide 880738?
False
Does 8 divide 68008?
True
Is 4631105 a multiple of 912?
False
Is 232 a factor of 1114430?
False
Is 4667020 a multiple of 3?
False
Does 120 divide 990240?
True
Is 28 a factor of 288412?
False
Is 126864 a multiple of 8?
True
Is 1236667 a multiple of 72?
False
Is 3741150 a multiple of 294?
True
Is 12 a factor of 37686048?
True
Is 1483802 a multiple of 211?
False
Is 1739 a factor of 5982160?
True
Does 437 divide 15179141?
False
Does 85 divide 2213392?
False
Is 22 a factor of 30514?
True
Does 52 divide 11085274?
False
Is 92 a factor of 90528?
True
Is 1737754 a multiple of 35?
False
Is 214 a factor of 125627?
False
Is 